4340?
0
What is the ten thousands digit of 424241?
2
What is the ten thousands digit of 1200983?
0
What is the thousands digit of 178283?
8
What is the units digit of 17132201?
1
What is the units digit of 5829136?
6
What is the millions digit of 3512147?
3
What is the units digit of 311437?
7
What is the thousands digit of 4254703?
4
What is the thousands digit of 137046?
7
What is the tens digit of 725046?
4
What is the hundreds digit of 3968387?
3
What is the units digit of 198823?
3
What is the thousands digit of 40401?
0
What is the units digit of 3955229?
9
What is the hundred thousands digit of 418003?
4
What is the millions digit of 16316279?
6
What is the hundred thousands digit of 27826759?
8
What is the thousands digit of 141900?
1
What is the tens digit of 9619425?
2
What is the ten thousands digit of 637640?
3
What is the units digit of 351328?
8
What is the tens digit of 323224?
2
What is the hundred thousands digit of 200362?
2
What is the units digit of 840309?
9
What is the ten thousands digit of 397628?
9
What is the tens digit of 13978208?
0
What is the tens digit of 3059005?
0
What is the tens digit of 9790810?
1
What is the thousands digit of 14172717?
2
What is the thousands digit of 4344935?
4
What is the units digit of 12308108?
8
What is the ten thousands digit of 11152567?
5
What is the hundred thousands digit of 438874?
4
What is the ten thousands digit of 1391928?
9
What is the ten thousands digit of 6361975?
6
What is the millions digit of 11230635?
1
What is the units digit of 7766338?
8
What is the hundred thousands digit of 471138?
4
What is the hundreds digit of 1608684?
6
What is the tens digit of 801728?
2
What is the hundred thousands digit of 2859683?
8
What is the tens digit of 2789223?
2
What is the hundreds digit of 4827020?
0
What is the hundreds digit of 9245977?
9
What is the thousands digit of 239724?
9
What is the ten thousands digit of 5799656?
9
What is the thousands digit of 1733447?
3
What is the hundreds digit of 188257?
2
What is the hundred thousands digit of 4877967?
8
What is the units digit of 168875?
5
What is the units digit of 8796847?
7
What is the thousands digit of 1427520?
7
What is the hundreds digit of 488487?
4
What is the tens digit of 156211?
1
What is the hundred thousands digit of 2964485?
9
What is the hundred thousands digit of 1306017?
3
What is the units digit of 4815297?
7
What is the thousands digit of 68761?
8
What is the units digit of 3488661?
1
What is the hundreds digit of 19345251?
2
What is the thousands digit of 1984549?
4
What is the units digit of 1470882?
2
What is the units digit of 5276652?
2
What is the units digit of 12106598?
8
What is the millions digit of 7809415?
7
What is the hundred thousands digit of 2045043?
0
What is the units digit of 2645495?
5
What is the units digit of 1164277?
7
What is the thousands digit of 18671636?
1
What is the hundreds digit of 473790?
7
What is the hundred thousands digit of 2364816?
3
What is the hundreds digit of 7041347?
3
What is the millions digit of 8810604?
8
What is the units digit of 553284?
4
What is the tens digit of 20425959?
5
What is the hundreds digit of 6545480?
4
What is the hundreds digit of 21901269?
2
What is the thousands digit of 600693?
0
What is the thousands digit of 637436?
7
What is the tens digit of 7111?
1
What is the hundreds digit of 6840120?
1
What is the tens digit of 2683944?
4
What is the tens digit of 233309?
0
What is the ten thousands digit of 3881413?
8
What is the millions digit of 3576362?
3
What is the ten millions digit of 13849010?
1
What is the tens digit of 1814016?
1
What is the hundreds digit of 2797810?
8
What is the ten thousands digit of 14162475?
6
What is the thousands digit of 692682?
2
What is the hundreds digit of 166261?
2
What is the hundred thousands digit of 2810165?
8
What is the hundred thousands digit of 5834788?
8
What is the units digit of 2299975?
5
What is the units digit of 2121952?
2
What is the thousands digit of 1790183?
0
What is the hundreds digit of 28030?
0
What is the hundreds digit of 413461?
4
What is the ten thousands digit of 1055525?
5
What is the ten thousands digit of 877840?
7
What is the thousands digit of 147261?
7
What is the ten thousands digit of 34802278?
0
What is the tens digit of 1362745?
4
What is the units digit of 3778047?
7
What is the units digit of 13005558?
8
What is the tens digit of 722810?
1
What is the tens digit of 953130?
3
What is the millions digit of 3173047?
3
What is the ten millions digit of 13848196?
1
What is the thousands digit of 669437?
9
What is the ten thousands digit of 3309911?
0
What is the hundreds digit of 265744?
7
What is the hundred thousands digit of 141071?
1
What is the ten millions digit of 14918916?
1
What is the millions digit of 2049491?
2
What is the units digit of 16058977?
7
What is the units digit of 547531?
1
What is the millions digit of 9894668?
9
What is the ten thousands digit of 5612972?
1
What is the tens digit of 3216356?
5
What is the units digit of 11375558?
8
What is the millions digit of 32737382?
2
What is the hundred thousands digit of 2121363?
1
What is the hundreds digit of 1470285?
2
What is the thousands digit of 2838550?
8
What is the millions digit of 1176068?
1
What is the ten thousands digit of 1720275?
2
What is the units digit of 678584?
4
What is the tens digit of 553664?
6
What is the tens digit of 19943690?
9
What is the tens digit of 256856?
5
What is the ten thousands digit of 5105220?
0
What is the ten thousands digit of 1266094?
6
What is the ten thousands digit of 15656854?
5
What is the tens digit of 349414?
1
What is the thousands digit of 8125709?
5
What is the millions digit of 3077692?
3
What is the tens digit of 6186266?
6
What is the thousands digit of 2947245?
7
What is the thousands digit of 24610585?
0
What is the units digit of 313962?
2
What is the hundred thousands digit of 203915?
2
What is the units digit of 954401?
1
What is the units digit of 120130?
0
What is the hundred thousands digit of 3445780?
4
What is the units digit of 156877?
7
What is the thousands digit of 1689457?
9
What is the hundred thousands digit of 12450213?
4
What is the ten thousands digit of 229497?
2
What is the hundreds digit of 196045?
0
What is the units digit of 33152704?
4
What is the tens digit of 214721?
2
What is the hundred thousands digit of 169331?
1
What is the hundred thousands digit of 409924?
4
What is the ten thousands digit of 934414?
3
What is the units digit of 64839?
9
What is the ten thousands digit of 37358?
3
What is the ten thousands digit of 587889?
8
What is the hundreds digit of 12843014?
0
What is the hundred thousands digit of 22619330?
6
What is the ten thousands digit of 120008?
2
What is the ten millions digit of 23055242?
2
What is the units digit of 203284?
4
What is the thousands digit of 4023?
4
What is the units digit of 2400784?
4
What is the ten millions digit of 15052904?
1
What is the hundred thousands digit of 674371?
6
What is the tens digit of 15817594?
9
What is the ten thousands digit of 10719900?
1
What is the ten thousands digit of 1630463?
3
What is the thousands digit of 1513300?
3
What is the hundreds digit of 194908?
9
What is the tens digit of 88766?
6
What is the ten millions digit of 10409625?
1
What is the millions digit of 23154594?
3
What is the hundred thousands digit of 421099?
4
What is the ten thousands digit of 232797?
3
What is the thousands digit of 681403?
1
What is the hundreds digit of 129721?
7
What is the tens digit of 11874138?
3
What is the tens digit of 1071704?
0
What is the millions digit of 4387328?
4
What is the ten thousands digit of 3859783?
5
What is the hundreds digit of 221266?
2
What is the tens digit of 655441?
4
What is the hundreds digit of 678303?
3
What is the ten thousands digit of 272973?
7
What is the units digit of 2206007?
7
What is the hundreds digit of 623146?
1
What is the thousands digit of 6450376?
0
What is the hundreds digit of 14741?
7
What is the units digit of 8314844?
4
What is the tens digit of 1832115?
1
What is the hundred thousands digit of 3308490?
3
What is the ten millions digit of 14101698?
1
What is the ten thousands digit of 2736344?
3
What is t